True
Is 7778 prime?
False
Is 131585 a composite number?
True
Is 5586215 a prime number?
False
Is 3109 a prime number?
True
Is 143387 a prime number?
True
Is 102181 a prime number?
True
Is 1535991 prime?
False
Is 68363 a composite number?
True
Is 32771 composite?
False
Is 2911 a prime number?
False
Is 54067 a prime number?
False
Is 565945 composite?
True
Is 1080247 a composite number?
True
Is 2173819 a prime number?
True
Is 4034 a composite number?
True
Is 118753 prime?
False
Is 37709 composite?
True
Is 6817 a composite number?
True
Is 2757 a composite number?
True
Is 760033 a composite number?
True
Is 278233 composite?
False
Is 758729 composite?
False
Is 77593 composite?
True
Is 4467553 composite?
False
Is 55469 a prime number?
True
Is 2767 prime?
True
Is 267263 a composite number?
True
Is 719 a composite number?
False
Is 691411 a prime number?
False
Is 724721 prime?
True
Is 155399 a composite number?
False
Is 3037 composite?
False
Is 312857 composite?
False
Is 53759 prime?
True
Is 259645 a prime number?
False
Is 40211 prime?
False
Is 167605 a composite number?
True
Is 247667 composite?
True
Is 1770941 prime?
False
Is 24271 a composite number?
True
Is 578285 a composite number?
True
Is 275251 a composite number?
False
Is 131907 a prime number?
False
Is 42667 prime?
True
Is 27719 prime?
False
Is 5554 prime?
False
Is 243769 prime?
True
Is 456451 prime?
True
Is 17953 a composite number?
True
Is 68321 a prime number?
False
Is 18301 composite?
False
Is 219973 a composite number?
True
Is 9533 a prime number?
True
Is 1117 a composite number?
False
Is 345007 a prime number?
False
Is 34583 a prime number?
True
Is 109993 a composite number?
True
Is 2246213 a prime number?
True
Is 11791 a prime number?
False
Is 427801 composite?
True
Is 374111 a prime number?
True
Is 320707 a composite number?
True
Is 12373 composite?
False
Is 13247 a composite number?
True
Is 103229 a prime number?
False
Is 3365 a composite number?
True
Is 4729 a prime number?
True
Is 575971 a composite number?
True
Is 493643 composite?
False
Is 943591 a composite number?
True
Is 553855 a prime number?
False
Is 45049 a prime number?
False
Is 38287 a prime number?
True
Is 6379 prime?
True
Is 432569 prime?
True
Is 11 a prime number?
True
Is 3785 a composite number?
True
Is 140143 prime?
True
Is 39521 prime?
True
Is 56759 a composite number?
True
Is 7349 prime?
True
Is 44483 composite?
False
Is 2627 prime?
False
Is 7717 composite?
False
Is 8891 a prime number?
False
Is 207367 a composite number?
False
Is 9535 a composite number?
True
Is 2579 a composite number?
False
Is 2389 a composite number?
False
Is 2557 composite?
False
Is 1727 a prime number?
False
Is 582943 composite?
True
Is 539197 a prime number?
False
Is 21647 a composite number?
False
Is 104651 composite?
False
Is 6533 composite?
True
Is 11633 composite?
False
Is 22901 a prime number?
True
Is 131667 composite?
True
Is 1147813 a prime number?
False
Is 1342963 prime?
True
Is 4609 a prime number?
False
Is 1290287 prime?
True
Is 3049 composite?
False
Is 809 composite?
False
Is 35589 a prime number?
False
Is 147881 a composite number?
False
Is 19531 a prime number?
True
Is 7169 a composite number?
True
Is 34141 prime?
True
Is 1741 prime?
True
Is 168127 prime?
True
Is 1863559 prime?
True
Is 465733 composite?
True
Is 209063 prime?
True
Is 421735 composite?
True
Is 34123 composite?
False
Is 229897 prime?
True
Is 5469 a composite number?
True
Is 76537 a prime number?
True
Is 6779 a prime number?
True
Is 992549 prime?
True
Is 19297 a prime number?
False
Is 58601 a composite number?
False
Is 61385 a composite number?
True
Is 1262 prime?
False
Is 44629 a prime number?
False
Is 194597 prime?
False
Is 7639 a prime number?
True
Is 1030657 prime?
False
Is 4609 a prime number?
False
Is 2051 prime?
False
Is 98207 composite?
False
Is 7817 composite?
False
Is 24437 a prime number?
False
Is 154723 prime?
True
Is 7807 composite?
True
Is 26237 a composite number?
False
Is 159073 a composite number?
False
Is 9091 a prime number?
True
Is 170887 prime?
True
Is 73999 a composite number?
False
Is 1201 a prime number?
True
Is 1817 a prime number?
False
Is 15821 a prime number?
False
Is 98671 composite?
True
Is 82003 a prime number?
True
Is 2579 prime?
True
Is 1061 prime?
True
Is 213019 a composite number?
False
Is 89126 composite?
True
Is 238859 a prime number?
True
Is 8663 a composite number?
False
Is 136111 a composite number?
False
Is 13045 composite?
True
Is 23185 prime?
False
Is 7841 a prime number?
True
Is 1254193 a prime number?
True
Is 3133583 prime?
True
Is 9533 a composite number?
False
Is 13211 a prime number?
False
Is 1441411 a composite number?
False
Is 274 a composite number?
True
Is 13289 a composite number?
True
Is 10993 composite?
False
Is 29591 prime?
False
Is 10133 prime?
True
Is 6421 a composite number?
False
Is 36353 prime?
True
Is 254119 a composite number?
False
Is 9923 a composite number?
False
Is 1901 composite?
False
Is 23741 a composite number?
False
Is 264773 a composite number?
True
Is 3977 composite?
True
Is 31307 a composite number?
False
Is 29653 prime?
False
Is 70159 prime?
False
Is 15783 prime?
False
Is 29167 a composite number?
False
Is 21011 composite?
False
Is 212183 a composite number?
False
Is 659819 prime?
True
Is 179071 composite?
True
Is 25649 a prime number?
False
Is 136033 prime?
True
Is 340279 a prime number?
False
Is 298321 a composite number?
True
Is 290951 composite?
True
Is 172819 a prime number?
False
Is 3351 prime?
False
Is 58637 composite?
True
Is 139021 prime?
True
Is 571057 a composite number?
True
Is 1379 prime?
False
Is 287137 a prime number?
True
Is 131429 a composite number?
True
Is 424661 prime?
True
Is 3665 composite?
True
Is 174949 a prime number?
False
Is 186893 composite?
True
Is 37819 a composite number?
True
Is 626006 a composite number?
True
Is 41253 composite?
True
Is 889591 prime?
False
Is 49613 a composite number?
False
Is 28115 prime?
False
Is 7165 composite?
True
Is 27149 a prime number?
False
Is 81817 a composite number?
False
Is 1034441 a prime number?
False
Is 173815 composite?
True
Is 1123 a prime number?
True
Is 7513 a composite number?
True
Is 516421 prime?
True
Is 1694299 a composite number?
True
Is 106649 a composite number?
False
Is 1562051 a prime number?
True
Is 55 a composite number?
True
Is 399917 a composite number?
True
Is 126709 a prime number?
False
Is 27479 prime?
True
Is 281185 prime?
False
Is 233029 a composite number?
True
Is 3137 a prime number?
True
Is 65185 a composite number?
True
Is 307 composite?
False
Is 14171 a composite number?
True
Is 65167 prime?
True
Is 57269 a prime number?
True
Is 136177 a composite number?
False
Is 9 a composite number?
True
Is 1959 a composite number?
True
Is 1746907 a prime number?
True
Is 12311 prime?
False
Is 519149 prime?
False
Is 586 a composite number?
True
Is 8851 composite?
True
Is 6557 a composite number?
True
Is 6700345 prime?
False
Is 405407 prime?
True
Is 743 composite?
False
Is 14189 prime?
False
Is 1371 a prime number?
False
Is 21277 a prime number?
True
Is 234317 a prime number?
True
Is 5815 composite?
True
Is 179093 a prime number?
False
Is 2807 composite?
True
Is 1811 prime?
True
Is 19223 a composite number?
True
Is 7613 prime?
False
Is 754253 a prime number?
False
Is 46721 prime?
False
Is 46373 a composite number?
True
Is 115439 composite?
True
Is 20869 prime?
False
Is 1663133 composite?
False
Is 5227 a composite number?
False
Is 2857 a prime number?
True
Is 1379 a composite number?
True
Is 920927 a prime number?
False
Is 580471 composite?
False
Is 89449 a composite number?
False
Is 273899 composite?
False
Is 673 a composite number?
False
Is 862765 prime?
False
Is 29663 composite?
False
Is 46369 a prime number?
False
Is 82619 a prime number?
True
Is 55493 prime?
False
Is 31307 composite?
False
Is 272959 composite?
False
Is 12841 a prime number?
True
Is 42277 composite?
True
Is 979031 a prime number?
True
Is 628973 a prime number?
True
Is 31549 a composite number?
True
Is 7799 a prime number?
False
Is 415331 a prime number?
False
Is 62171 a prime number?
True
Is 1492385 a composite number?
True
Is 1022279 a composite number?
True
Is 2959 composite?
True
Is 10301 prime?
True
Is 438485 prime?
False
Is 345263 a comp